{"id":3180,"date":"2023-10-08T17:29:02","date_gmt":"2023-10-08T15:29:02","guid":{"rendered":"https:\/\/ambervale.net\/?page_id=3180"},"modified":"2026-03-28T21:03:29","modified_gmt":"2026-03-28T20:03:29","slug":"visual-composer-3180","status":"publish","type":"page","link":"https:\/\/ambervale.net\/index.php\/visual-composer-3180\/","title":{"rendered":"Competences"},"content":{"rendered":"<div class=\"vce-row-container\"><div class=\"vce-row vce-row--col-gap-30 vce-row-equal-height vce-row-content--top\" data-vce-full-width=\"true\" data-vce-stretch-content=\"true\" id=\"el-0549c415\" data-vce-do-apply=\"all el-0549c415\"><div class=\"vce-row-content\" data-vce-element-content=\"true\"><div class=\"vce-col vce-col--md-auto vce-col--xs-1 vce-col--xs-last vce-col--xs-first vce-col--sm-last vce-col--sm-first vce-col--md-last vce-col--lg-last vce-col--xl-last vce-col--md-first vce-col--lg-first vce-col--xl-first\" id=\"el-9ecc2941\"><div class=\"vce-col-inner\" data-vce-do-apply=\"border margin background  el-9ecc2941\"><div class=\"vce-col-content\" data-vce-element-content=\"true\" data-vce-do-apply=\"padding el-9ecc2941\"><div class=\"vce-text-block\"><div class=\"vce-text-block-wrapper vce\" id=\"el-b443feb0\" data-vce-do-apply=\"all el-b443feb0\"><h2 style=\"text-align: center;\">Les comp\u00e9tences<\/h2><p style=\"text-align: center;\">Ambervale dispose d'un syst\u00e8me de comp\u00e9tences vari\u00e9es choisissables \u00e0 la cr\u00e9ation du personnage et possible \u00e0 apprendre de diverses fa\u00e7ons durant votre aventure. Ces comp\u00e9tences se divisent en 4 branches principales.<\/p><p style=\"text-align: center;\">\u00c0 la cr\u00e9ation de votre personnage, vous devez choisir 3 comp\u00e9tences principales. Deux comp\u00e9tences sur ces trois doivent \u00eatre dans la m\u00eame branche. (M\u00eame colonne)<\/p><table style=\"height: 43px; width: 100%; border-collapse: collapse;\"><tbody><tr style=\"height: 21px;\"><td style=\"width: 25%; height: 21px; background-color: #ab2e28; text-align: center;\"><strong><span style=\"font-size: 14pt;\">Martial<\/span><\/strong><\/td><td style=\"width: 25%; height: 21px; background-color: #2850ab; text-align: center;\"><strong><span style=\"font-size: 14pt;\">Erudition<\/span><\/strong><\/td><td style=\"width: 25%; height: 21px; background-color: #ab8928; text-align: center;\"><strong><span style=\"font-size: 14pt;\">Artisanat<\/span><\/strong><\/td><td style=\"width: 25%; height: 21px; background-color: #76ab28; text-align: center;\"><strong><span style=\"font-size: 14pt;\">Civil<\/span><\/strong><\/td><\/tr><tr><td style=\"width: 25%; background-color: #ab2e28; text-align: center;\">Pugilisme<\/td><td style=\"width: 25%; background-color: #2850ab; text-align: center;\">Magie<\/td><td style=\"width: 25%; background-color: #ab8928; text-align: center;\">M\u00e9tallurgie<\/td><td style=\"width: 25%; background-color: #76ab28; text-align: center;\">Escalade<\/td><\/tr><tr><td style=\"width: 25%; background-color: #ab2e28; text-align: center;\">Armes \u00e0 une main<\/td><td style=\"width: 25%; background-color: #2850ab; text-align: center;\">Cartographie et astronomie<\/td><td style=\"width: 25%; background-color: #ab8928; text-align: center;\">Travail du cuir et des textiles<\/td><td style=\"width: 25%; background-color: #76ab28; text-align: center;\">\u00c9quitation<\/td><\/tr><tr><td style=\"width: 25%; background-color: #ab2e28; text-align: center;\">Armes \u00e0 deux mains<\/td><td style=\"width: 25%; background-color: #2850ab; text-align: center;\">Linguistique<\/td><td style=\"width: 25%; background-color: #ab8928; text-align: center;\">Ing\u00e9nierie et architecture<\/td><td style=\"width: 25%; background-color: #76ab28; text-align: center;\">Vol \u00e0 la tire<\/td><\/tr><tr><td style=\"width: 25%; background-color: #ab2e28; text-align: center;\">Archerie<\/td><td style=\"width: 25%; background-color: #2850ab; text-align: center;\">Histoire et arch\u00e9ologie<\/td><td style=\"width: 25%; background-color: #ab8928; text-align: center;\">Chimie et alchimie<\/td><td style=\"width: 25%; background-color: #76ab28; text-align: center;\">Crochetage<\/td><\/tr><tr><td style=\"width: 25%; background-color: #ab2e28; text-align: center;\">Armure<\/td><td style=\"width: 25%; background-color: #2850ab; text-align: center;\">M\u00e9decine<\/td><td style=\"width: 25%; background-color: #ab8928; text-align: center;\">Cuisine<\/td><td style=\"width: 25%; background-color: #76ab28; text-align: center;\">Discr\u00e9tion<\/td><\/tr><tr><td style=\"width: 25%; background-color: #ab2e28; text-align: center;\">Parade et bouclier<\/td><td style=\"width: 25%; background-color: #2850ab; text-align: center;\">Perception magique<\/td><td style=\"width: 25%; background-color: #ab8928; text-align: center;\">Distillerie<\/td><td style=\"width: 25%; background-color: #76ab28; text-align: center;\">Musique<\/td><\/tr><tr><td style=\"width: 25%; background-color: #ab2e28; text-align: center;\">Art du combat<\/td><td style=\"width: 25%; background-color: #2850ab; text-align: center;\">Concentration<\/td><td style=\"width: 25%; background-color: #ab8928; text-align: center;\">Herboristerie et agriculture<\/td><td style=\"width: 25%; background-color: #76ab28; text-align: center;\">Danse<\/td><\/tr><tr><td style=\"width: 25%; background-color: #ab2e28; text-align: center;\">Assassinat<\/td><td style=\"width: 25%; background-color: #2850ab; text-align: center;\">Clairvoyance<\/td><td style=\"width: 25%; background-color: #ab8928; text-align: center;\">Travail de la pierre<\/td><td style=\"width: 25%; background-color: #76ab28; text-align: center;\">Art visuel<\/td><\/tr><tr><td style=\"width: 25%; background-color: #ab2e28; text-align: center;\">Commandement<\/td><td style=\"width: 25%; background-color: #2850ab; text-align: center;\">Foi<\/td><td style=\"width: 25%; background-color: #ab8928; text-align: center;\">P\u00eache<\/td><td style=\"width: 25%; background-color: #76ab28; text-align: center;\">Pilotage<\/td><\/tr><tr><td style=\"width: 25%; background-color: #ab2e28; text-align: center;\">Artilleur<\/td><td style=\"width: 25%; text-align: center;\">&nbsp;<\/td><td style=\"width: 25%; background-color: #ab8928; text-align: center;\">Travail du bois<\/td><td style=\"width: 25%; background-color: #76ab28; text-align: center;\">Traque<\/td><\/tr><tr><td style=\"width: 25%; background-color: #ab2e28; text-align: center;\">Athl\u00e9tisme<\/td><td style=\"width: 25%; text-align: center;\">&nbsp;<\/td><td style=\"width: 25%; background-color: #ab8928; text-align: center;\">Joaillerie<\/td><td style=\"width: 25%; background-color: #76ab28; text-align: center;\">Vigilance<\/td><\/tr><tr><td style=\"width: 25%; text-align: center;\">&nbsp;<\/td><td style=\"width: 25%; text-align: center;\">&nbsp;<\/td><td style=\"width: 25%; text-align: center;\">&nbsp;<\/td><td style=\"width: 25%; background-color: #76ab28; text-align: center;\">Sang-froid<\/td><\/tr><tr><td style=\"width: 25%; text-align: center;\">&nbsp;<\/td><td style=\"width: 25%; text-align: center;\">&nbsp;<\/td><td style=\"width: 25%; text-align: center;\">&nbsp;<\/td><td style=\"width: 25%; background-color: #76ab28; text-align: center;\">Domptage<\/td><\/tr><\/tbody><\/table><\/div><\/div><section class=\"vce-feature-section-container vce-feature-section-media--xs\"><div class=\"vce vce-feature-section vce-feature-section--min-height\" id=\"el-852566f3\" data-vce-do-apply=\"margin border animation backgroundColor el-852566f3\"><div class=\"vce-feature-section-image vce-feature-section-image--alignment-left\" data-vce-do-apply=\"backgroundImage el-852566f3\"><\/div><div class=\"vce-feature-section-content\"><div class=\"vce-feature-section-content-container\" data-vce-do-apply=\"padding el-852566f3\"><div class=\"vce-feature-section-description\"><h1>Comp\u00e9tences martiales<\/h1><p>Les comp\u00e9tences des guerrier et combattants, elles regroupent les comp\u00e9tences de combat physique, d'archerie, d'armure, ainsi que les comp\u00e9tence de commandement de troupes et d'analyse des styles de combat.<\/p><\/div><div class=\"vce-button--style-outline-container vce-button--style-outline-container--align-left\"><span class=\"vce-button--style-outline-wrapper vce\" id=\"el-bf79ab04\" data-vce-do-apply=\"margin el-bf79ab04\"><a class=\"vce-button vce-button--style-outline-animated vce-button--style-outline--border-square vce-button--style-outline--size-medium vce-button--style-outline-animated--color-e3e3e3--fff--3d3d3d vce-button--style-outline-animated--border-color-e3e3e3--3d3d3d vce-button--style-outline-animated--background-color-3d3d3d\" href=\"https:\/\/ambervale.net\/index.php\/2023\/10\/15\/comp-guerrier\/\" title=\"\" data-vce-do-apply=\"padding border background  el-bf79ab04\"><span class=\"vce-button--style-outline-text\">En savoir plus<\/span><\/a><\/span><\/div><\/div><\/div><\/div><\/section><section class=\"vce-feature-section-container vce-feature-section-media--xs\"><div class=\"vce vce-feature-section vce-feature-section--min-height\" id=\"el-bdb789a7\" data-vce-do-apply=\"margin border animation backgroundColor el-bdb789a7\"><div class=\"vce-feature-section-image vce-feature-section-image--alignment-right\" data-vce-do-apply=\"backgroundImage el-bdb789a7\"><\/div><div class=\"vce-feature-section-content\"><div class=\"vce-feature-section-content-container\" data-vce-do-apply=\"padding el-bdb789a7\"><div class=\"vce-feature-section-description\"><h1 style=\"text-align: right;\">Comp\u00e9tences d'\u00e9rudition<\/h1><p style=\"text-align: right;\">Les comp\u00e9tences des \u00e9rudits et des mages, elles comprennent les diff\u00e9rents domaines de la magie, de la voyance, ainsi que les comp\u00e9tences acad\u00e9miques telles que la linguistique, l'histoire et la m\u00e9decine.<\/p><\/div><div class=\"vce-button--style-outline-container vce-button--style-outline-container--align-right\"><span class=\"vce-button--style-outline-wrapper vce\" id=\"el-962d9c6c\" data-vce-do-apply=\"margin el-962d9c6c\"><a class=\"vce-button vce-button--style-outline-animated vce-button--style-outline--border-square vce-button--style-outline--size-medium vce-button--style-outline-animated--color-e3e3e3--fff--3d3d3d vce-button--style-outline-animated--border-color-e3e3e3--3d3d3d vce-button--style-outline-animated--background-color-3d3d3d\" href=\"https:\/\/ambervale.net\/index.php\/2023\/10\/15\/comp-erudit\/\" title=\"\" data-vce-do-apply=\"padding border background  el-962d9c6c\"><span class=\"vce-button--style-outline-text\">En savoir plus<\/span><\/a><\/span><\/div><\/div><\/div><\/div><\/section><section class=\"vce-feature-section-container vce-feature-section-media--xs\"><div class=\"vce vce-feature-section vce-feature-section--min-height\" id=\"el-bd3d1b31\" data-vce-do-apply=\"margin border animation backgroundColor el-bd3d1b31\"><div class=\"vce-feature-section-image vce-feature-section-image--alignment-left\" data-vce-do-apply=\"backgroundImage el-bd3d1b31\"><\/div><div class=\"vce-feature-section-content\"><div class=\"vce-feature-section-content-container\" data-vce-do-apply=\"padding el-bd3d1b31\"><div class=\"vce-feature-section-description\"><h1>Comp\u00e9tences artisanales<\/h1><p>Les comp\u00e9tences des artisans et des r\u00e9colteurs de ressources diverses, elles comprennent les comp\u00e9tences de forge, d'ing\u00e9nierie, de minage, de b\u00fbcheronnage, etc...<\/p><\/div><div class=\"vce-button--style-outline-container vce-button--style-outline-container--align-left\"><span class=\"vce-button--style-outline-wrapper vce\" id=\"el-fd349e99\" data-vce-do-apply=\"margin el-fd349e99\"><a class=\"vce-button vce-button--style-outline-animated vce-button--style-outline--border-square vce-button--style-outline--size-medium vce-button--style-outline-animated--color-e3e3e3--fff--3d3d3d vce-button--style-outline-animated--border-color-e3e3e3--3d3d3d vce-button--style-outline-animated--background-color-3d3d3d\" href=\"https:\/\/ambervale.net\/index.php\/2023\/10\/15\/comp-artisans\/\" title=\"\" data-vce-do-apply=\"padding border background  el-fd349e99\"><span class=\"vce-button--style-outline-text\">En savoir plus<\/span><\/a><\/span><\/div><\/div><\/div><\/div><\/section><section class=\"vce-feature-section-container vce-feature-section-media--xs\"><div class=\"vce vce-feature-section vce-feature-section--min-height\" id=\"el-6fefbe4b\" data-vce-do-apply=\"margin border animation backgroundColor el-6fefbe4b\"><div class=\"vce-feature-section-image vce-feature-section-image--alignment-right\" data-vce-do-apply=\"backgroundImage el-6fefbe4b\"><\/div><div class=\"vce-feature-section-content\"><div class=\"vce-feature-section-content-container\" data-vce-do-apply=\"padding el-6fefbe4b\"><div class=\"vce-feature-section-description\"><h1 style=\"text-align: right;\">Comp\u00e9tences civiles<\/h1><p style=\"text-align: right;\">Les comp\u00e9tences diverses, elle comprennent un large \u00e9ventail de comp\u00e9tences comme les comp\u00e9tences artistiques, les comp\u00e9tences de la p\u00e8gre, les comp\u00e9tences d'escalade, d'\u00e9quitation,...<\/p><\/div><div class=\"vce-button--style-outline-container vce-button--style-outline-container--align-right\"><span class=\"vce-button--style-outline-wrapper vce\" id=\"el-eade16f1\" data-vce-do-apply=\"margin el-eade16f1\"><a class=\"vce-button vce-button--style-outline-animated vce-button--style-outline--border-square vce-button--style-outline--size-medium vce-button--style-outline-animated--color-e3e3e3--fff--3d3d3d vce-button--style-outline-animated--border-color-e3e3e3--3d3d3d vce-button--style-outline-animated--background-color-3d3d3d\" href=\"https:\/\/ambervale.net\/index.php\/2023\/10\/15\/comp-civil\/\" title=\"\" data-vce-do-apply=\"padding border background  el-eade16f1\"><span class=\"vce-button--style-outline-text\">En savoir plus<\/span><\/a><\/span><\/div><\/div><\/div><\/div><\/section><\/div><\/div><\/div><\/div><\/div><\/div>\n","protected":false},"excerpt":{"rendered":"<p>Les comp\u00e9tencesAmbervale dispose d&rsquo;un syst\u00e8me de comp\u00e9tences vari\u00e9es choisissables \u00e0 la cr\u00e9ation du personnage et possible \u00e0 apprendre de diverses fa\u00e7ons durant votre aventure. Ces comp\u00e9tences se divisent en 4 branches principales.\u00c0 la cr\u00e9ation de votre personnage, vous devez choisir 3 comp\u00e9tences principales. Deux comp\u00e9tences sur ces trois doivent \u00eatre dans la m\u00eame branche. (M\u00eame [&hellip;]<\/p>\n","protected":false},"author":1314,"featured_media":0,"parent":0,"menu_order":0,"comment_status":"closed","ping_status":"closed","template":"","meta":{"footnotes":""},"blocksy_meta":[],"yoast_head":"<!-- This site is optimized with the Yoast SEO plugin v22.1 - https:\/\/yoast.com\/wordpress\/plugins\/seo\/ -->\n<title>Competences - Ambervale<\/title>\n<meta name=\"robots\" content=\"index, follow, max-snippet:-1, max-image-preview:large, max-video-preview:-1\" \/>\n<link rel=\"canonical\" href=\"https:\/\/ambervale.net\/index.php\/visual-composer-3180\/\" \/>\n<meta property=\"og:locale\" content=\"fr_FR\" \/>\n<meta property=\"og:type\" content=\"article\" \/>\n<meta property=\"og:title\" content=\"Competences - Ambervale\" \/>\n<meta property=\"og:description\" content=\"Les comp\u00e9tencesAmbervale dispose d&#039;un syst\u00e8me de comp\u00e9tences vari\u00e9es choisissables \u00e0 la cr\u00e9ation du personnage et possible \u00e0 apprendre de diverses fa\u00e7ons durant votre aventure. Ces comp\u00e9tences se divisent en 4 branches principales.\u00c0 la cr\u00e9ation de votre personnage, vous devez choisir 3 comp\u00e9tences principales. Deux comp\u00e9tences sur ces trois doivent \u00eatre dans la m\u00eame branche. (M\u00eame [&hellip;]\" \/>\n<meta property=\"og:url\" content=\"https:\/\/ambervale.net\/index.php\/visual-composer-3180\/\" \/>\n<meta property=\"og:site_name\" content=\"Ambervale\" \/>\n<meta property=\"article:modified_time\" content=\"2026-03-28T20:03:29+00:00\" \/>\n<meta name=\"twitter:card\" content=\"summary_large_image\" \/>\n<meta name=\"twitter:label1\" content=\"Dur\u00e9e de lecture estim\u00e9e\" \/>\n\t<meta name=\"twitter:data1\" content=\"1 minute\" \/>\n<script type=\"application\/ld+json\" class=\"yoast-schema-graph\">{\"@context\":\"https:\/\/schema.org\",\"@graph\":[{\"@type\":\"WebPage\",\"@id\":\"https:\/\/ambervale.net\/index.php\/visual-composer-3180\/\",\"url\":\"https:\/\/ambervale.net\/index.php\/visual-composer-3180\/\",\"name\":\"Competences - Ambervale\",\"isPartOf\":{\"@id\":\"https:\/\/ambervale.net\/#website\"},\"datePublished\":\"2023-10-08T15:29:02+00:00\",\"dateModified\":\"2026-03-28T20:03:29+00:00\",\"breadcrumb\":{\"@id\":\"https:\/\/ambervale.net\/index.php\/visual-composer-3180\/#breadcrumb\"},\"inLanguage\":\"fr-FR\",\"potentialAction\":[{\"@type\":\"ReadAction\",\"target\":[\"https:\/\/ambervale.net\/index.php\/visual-composer-3180\/\"]}]},{\"@type\":\"BreadcrumbList\",\"@id\":\"https:\/\/ambervale.net\/index.php\/visual-composer-3180\/#breadcrumb\",\"itemListElement\":[{\"@type\":\"ListItem\",\"position\":1,\"name\":\"Accueil\",\"item\":\"https:\/\/ambervale.net\/\"},{\"@type\":\"ListItem\",\"position\":2,\"name\":\"Competences\"}]},{\"@type\":\"WebSite\",\"@id\":\"https:\/\/ambervale.net\/#website\",\"url\":\"https:\/\/ambervale.net\/\",\"name\":\"Ambervale\",\"description\":\"Serveur Full-Role-Play\",\"publisher\":{\"@id\":\"https:\/\/ambervale.net\/#organization\"},\"potentialAction\":[{\"@type\":\"SearchAction\",\"target\":{\"@type\":\"EntryPoint\",\"urlTemplate\":\"https:\/\/ambervale.net\/?s={search_term_string}\"},\"query-input\":\"required name=search_term_string\"}],\"inLanguage\":\"fr-FR\"},{\"@type\":\"Organization\",\"@id\":\"https:\/\/ambervale.net\/#organization\",\"name\":\"Ambervale\",\"url\":\"https:\/\/ambervale.net\/\",\"logo\":{\"@type\":\"ImageObject\",\"inLanguage\":\"fr-FR\",\"@id\":\"https:\/\/ambervale.net\/#\/schema\/logo\/image\/\",\"url\":\"https:\/\/ambervale.net\/wp-content\/uploads\/2024\/02\/Logo-grand.png\",\"contentUrl\":\"https:\/\/ambervale.net\/wp-content\/uploads\/2024\/02\/Logo-grand.png\",\"width\":2223,\"height\":960,\"caption\":\"Ambervale\"},\"image\":{\"@id\":\"https:\/\/ambervale.net\/#\/schema\/logo\/image\/\"},\"sameAs\":[\"https:\/\/www.instagram.com\/ambervalerp\/\",\"https:\/\/www.youtube.com\/@Ambervale-CommunauteRP\"]}]}<\/script>\n<!-- \/ Yoast SEO plugin. -->","yoast_head_json":{"title":"Competences - Ambervale","robots":{"index":"index","follow":"follow","max-snippet":"max-snippet:-1","max-image-preview":"max-image-preview:large","max-video-preview":"max-video-preview:-1"},"canonical":"https:\/\/ambervale.net\/index.php\/visual-composer-3180\/","og_locale":"fr_FR","og_type":"article","og_title":"Competences - Ambervale","og_description":"Les comp\u00e9tencesAmbervale dispose d'un syst\u00e8me de comp\u00e9tences vari\u00e9es choisissables \u00e0 la cr\u00e9ation du personnage et possible \u00e0 apprendre de diverses fa\u00e7ons durant votre aventure. Ces comp\u00e9tences se divisent en 4 branches principales.\u00c0 la cr\u00e9ation de votre personnage, vous devez choisir 3 comp\u00e9tences principales. Deux comp\u00e9tences sur ces trois doivent \u00eatre dans la m\u00eame branche. (M\u00eame [&hellip;]","og_url":"https:\/\/ambervale.net\/index.php\/visual-composer-3180\/","og_site_name":"Ambervale","article_modified_time":"2026-03-28T20:03:29+00:00","twitter_card":"summary_large_image","twitter_misc":{"Dur\u00e9e de lecture estim\u00e9e":"1 minute"},"schema":{"@context":"https:\/\/schema.org","@graph":[{"@type":"WebPage","@id":"https:\/\/ambervale.net\/index.php\/visual-composer-3180\/","url":"https:\/\/ambervale.net\/index.php\/visual-composer-3180\/","name":"Competences - Ambervale","isPartOf":{"@id":"https:\/\/ambervale.net\/#website"},"datePublished":"2023-10-08T15:29:02+00:00","dateModified":"2026-03-28T20:03:29+00:00","breadcrumb":{"@id":"https:\/\/ambervale.net\/index.php\/visual-composer-3180\/#breadcrumb"},"inLanguage":"fr-FR","potentialAction":[{"@type":"ReadAction","target":["https:\/\/ambervale.net\/index.php\/visual-composer-3180\/"]}]},{"@type":"BreadcrumbList","@id":"https:\/\/ambervale.net\/index.php\/visual-composer-3180\/#breadcrumb","itemListElement":[{"@type":"ListItem","position":1,"name":"Accueil","item":"https:\/\/ambervale.net\/"},{"@type":"ListItem","position":2,"name":"Competences"}]},{"@type":"WebSite","@id":"https:\/\/ambervale.net\/#website","url":"https:\/\/ambervale.net\/","name":"Ambervale","description":"Serveur Full-Role-Play","publisher":{"@id":"https:\/\/ambervale.net\/#organization"},"potentialAction":[{"@type":"SearchAction","target":{"@type":"EntryPoint","urlTemplate":"https:\/\/ambervale.net\/?s={search_term_string}"},"query-input":"required name=search_term_string"}],"inLanguage":"fr-FR"},{"@type":"Organization","@id":"https:\/\/ambervale.net\/#organization","name":"Ambervale","url":"https:\/\/ambervale.net\/","logo":{"@type":"ImageObject","inLanguage":"fr-FR","@id":"https:\/\/ambervale.net\/#\/schema\/logo\/image\/","url":"https:\/\/ambervale.net\/wp-content\/uploads\/2024\/02\/Logo-grand.png","contentUrl":"https:\/\/ambervale.net\/wp-content\/uploads\/2024\/02\/Logo-grand.png","width":2223,"height":960,"caption":"Ambervale"},"image":{"@id":"https:\/\/ambervale.net\/#\/schema\/logo\/image\/"},"sameAs":["https:\/\/www.instagram.com\/ambervalerp\/","https:\/\/www.youtube.com\/@Ambervale-CommunauteRP"]}]}},"_links":{"self":[{"href":"https:\/\/ambervale.net\/index.php\/wp-json\/wp\/v2\/pages\/3180"}],"collection":[{"href":"https:\/\/ambervale.net\/index.php\/wp-json\/wp\/v2\/pages"}],"about":[{"href":"https:\/\/ambervale.net\/index.php\/wp-json\/wp\/v2\/types\/page"}],"author":[{"embeddable":true,"href":"https:\/\/ambervale.net\/index.php\/wp-json\/wp\/v2\/users\/1314"}],"replies":[{"embeddable":true,"href":"https:\/\/ambervale.net\/index.php\/wp-json\/wp\/v2\/comments?post=3180"}],"version-history":[{"count":10,"href":"https:\/\/ambervale.net\/index.php\/wp-json\/wp\/v2\/pages\/3180\/revisions"}],"predecessor-version":[{"id":4448,"href":"https:\/\/ambervale.net\/index.php\/wp-json\/wp\/v2\/pages\/3180\/revisions\/4448"}],"wp:attachment":[{"href":"https:\/\/ambervale.net\/index.php\/wp-json\/wp\/v2\/media?parent=3180"}],"curies":[{"name":"wp","href":"https:\/\/api.w.org\/{rel}","templated":true}]}}